test common factor of 2887 and 513.
1
Calculate the greatest common divisor of 326 and 1302207.
163
What is the highest common factor of 559 and 8658481?
13
What is the highest common divisor of 10609 and 365444?
103
What is the greatest common factor of 12367525 and 125?
25
Calculate the greatest common factor of 5 and 2566556.
1
Calculate the highest common divisor of 136416 and 266280.
168
What is the highest common factor of 42 and 2792258?
14
What is the highest common factor of 743715 and 1362297?
2361
What is the greatest common factor of 495 and 14912505?
45
What is the greatest common divisor of 14758 and 1457?
47
Calculate the greatest common divisor of 2794794 and 174.
6
Calculate the highest common factor of 745580 and 320.
20
What is the highest common factor of 13655481 and 147?
21
What is the greatest common factor of 186346 and 1219?
23
What is the highest common factor of 270129442 and 11?
11
What is the highest common factor of 169090080 and 1008?
48
What is the greatest common divisor of 5094 and 1314666?
18
Calculate the highest common factor of 2422 and 1560287.
173
What is the highest common divisor of 113810913 and 12405?
2481
What is the greatest common factor of 8305 and 11003850?
55
What is the greatest common divisor of 224192 and 62263?
113
What is the highest common divisor of 39056154 and 846?
282
Calculate the greatest common divisor of 85 and 14655037.
17
What is the highest common factor of 1240 and 909666232?
248
Calculate the highest common divisor of 20454364 and 19276.
316
Calculate the highest common factor of 19875433 and 93.
31
Calculate the highest common factor of 639200 and 89120.
160
Calculate the greatest common divisor of 144612 and 55053.
27
Calculate the greatest common divisor of 352020 and 2550.
30
What is the highest common divisor of 11557770 and 97055?
1645
Calculate the highest common factor of 1416765 and 245.
35
What is the highest common divisor of 51564656 and 44?
44
Calculate the highest common divisor of 33998062 and 56.
14
What is the greatest common divisor of 1264149 and 15926994?
6417
Calculate the greatest common divisor of 534946 and 1998.
74
What is the greatest common factor of 80 and 4412810?
10
Calculate the greatest common factor of 198660 and 10360420.
6020
Calculate the greatest common factor of 28 and 313252604.
28
What is the greatest common factor of 2826861 and 38107?
53
Calculate the greatest common factor of 279 and 44640062.
31
What is the greatest common factor of 4737745325 and 25?
25
Calculate the highest common factor of 8829216 and 1650.
66
Calculate the highest common factor of 6160914 and 30623.
271
Calculate the greatest common divisor of 255 and 1169515.
85
What is the highest common divisor of 6648 and 10220192?
2216
What is the greatest common factor of 11392 and 2047?
89
What is the highest common divisor of 5376 and 160852272?
336
What is the greatest common factor of 13192 and 166842522?
3298
What is the highest common divisor of 33930388 and 1431?
53
Calculate the greatest common factor of 2926 and 948178.
154
What is the greatest common factor of 8052 and 5413628?
2684
Calculate the greatest common divisor of 3785 and 4435.
5
What is the greatest common factor of 446880 and 3085530?
1470
What is the highest common divisor of 585 and 11237200?
65
What is the highest common factor of 24156 and 9864?
36
What is the highest common divisor of 513 and 98439171?
57
Calculate the greatest common factor of 5007558 and 12.
6
Calculate the highest common factor of 550755516 and 9340.
1868
What is the greatest common factor of 55512 and 71901?
27
What is the greatest common divisor of 520844328 and 144?
72
Calculate the greatest common divisor of 6997922 and 1398.
466
Calculate the highest common divisor of 550360708 and 2804.
2804
Calculate the greatest common divisor of 39441432 and 10464.
2616
Calculate the greatest common factor of 157284 and 444924.
612
Calculate the highest common factor of 3771747 and 581.
7
Calculate the greatest common factor of 9554 and 1377.
17
Calculate the highest common factor of 7473216 and 192.
192
What is the highest common divisor of 55491438 and 342?
114
Calculate the highest common factor of 10948707 and 82533.
2013
What is the greatest common divisor of 796 and 2729086?
398
Calculate the highest common divisor of 170 and 9789314.
34
What is the highest common divisor of 97096078 and 1462?
34
What is the highest common divisor of 362884824 and 168?
24
What is the greatest common divisor of 42763630 and 910?
910
Calculate the greatest common factor of 113257 and 41625.
37
What is the highest common divisor of 18144 and 35711928?
4536
What is the greatest common factor of 184 and 5165317?
23
What is the highest common factor of 22 and 3672460?
22
Calculate the greatest common divisor of 12598544 and 2800.
112
What is the highest common divisor of 3010 and 10274635?
1505
What is the highest common factor of 78636 and 189852?
12
What is the highest common factor of 3484396 and 32163?
71
Calculate the greatest common divisor of 93955988 and 76.
76
What is the greatest common divisor of 39130236 and 17712?
4428
What is the highest common factor of 273195 and 1179?
9
Calculate the highest common divisor of 13536 and 169952.
1504
What is the highest common factor of 13850 and 29750?
50
Calculate the highest common factor of 5554 and 6242.
2
Calculate the greatest common factor of 6209 and 51548.
7
What is the greatest common factor of 3699 and 3716399?
137
Calculate the highest common factor of 20463 and 69236.
19
What is the greatest common factor of 143680 and 2480?
80
What is the highest common factor of 2084894 and 364?
14
What is the highest common factor of 193 and 2410763?
193
What is the greatest common factor of 10899 and 603343209?
3633
Calculate the highest common factor of 11454 and 2642010.
138
Calculate the highest common divisor of 16 and 44123648.
16
Calculate the greatest common factor of 647265 and 2715.
15
What is the greatest common factor of 1407 and 2186331?
21
Calculate the highest common factor of 945606 and 114162.
2154
Calculate the highest common divisor of 5 and 409444.
1
What is the highest common divisor of 22971 and 1690?
13
Calculate the highest common divisor of 661046 and 1498.
214
What is the highest common factor of 750 and 10408830?
30
Calculate the highest common factor of 747308 and 3724.
76
Calculate the greatest common factor of 645260539 and 77.
77
What is the greatest common divisor of 1047142759 and 19604?
4901
Calculate the highest common factor of 1064 and 405224.
8
What is the greatest common factor of 27270 and 432486?
54
Calculate the highest common divisor of 57877 and 68009209.
1867
Calculate the highest common factor of 154 and 2892701.
7
Calculate the highest common factor of 2413 and 773811.
127
What is the greatest common factor of 11616 and 699834960?
5808
Calculate the highest common divisor of 1142291 and 69504.
181
Calculate the highest common divisor of 986 and 1923992.
34
Calculate the greatest common divisor of 7469 and 564443.
1067
What is the greatest common factor of 1853576 and 745043?
223
Calculate the greatest common divisor of 1351 and 132074725.
193
What is the greatest common factor of 1936 and 2540868?
44
What is the highest common divisor of 1620 and 75755412?
324
What is the highest common divisor of 710374 and 238?
14
What is the highest common factor of 3 and 6951496?
1
What is the highest common divisor of 1398 and 153547?
233
What is the greatest common factor of 33550 and 275325?
25
Calculate the greatest common factor of 12672475 and 50.
25
Calculate the greatest common factor of 4564 and 2088356.
652
What is the greatest common divisor of 113 and 247783123?
113
What is the greatest common divisor of 77184 and 28870434?
1206
Calculate the greatest common factor of 47899397 and 2275.
91
What is the greatest common factor of 167172754 and 665?
133
What is the highest common divisor of 35 and 394845?
5
What is the highest common divisor of 47136 and 12610353?
1473
What is the highest common factor of 60969134 and 488?
122
Calculate the highest common divisor of 158410 and 544670.
2170
What is the highest common factor of 768256 and 72?
8
Calculate the 